4*b**3 + 51*b**2 + 124*b - 4. Determine r(-3).
-4075
Let k(t) = -60439*t + 846128. Determine k(14).
-18
Let k(d) = 2*d**2 - 4612*d - 83660. Calculate k(-18).
4
Let j(c) = -481*c**2 + 64*c - 43. What is j(1)?
-460
Let l(y) = 1512*y + 281232. What is l(-186)?
0
Let h(x) = 5*x**2 - 1385*x - 20. Determine h(277).
-20
Let l(c) = -5*c**2 - 616*c - 11356. Give l(-101).
-145
Let w(v) = -v**3 - 14*v**2 + 494*v - 2413. What is w(11)?
-4
Let m(w) = -18*w**2 + 715*w + 3623. What is m(-5)?
-402
Let c(m) = 2*m**3 - 413*m**2 + 1017*m - 274. What is c(204)?
-886
Let y(j) = 3*j**2 - 563*j + 25699. What is y(78)?
37
Let k(f) = 13486*f + 67443. Determine k(-5).
13
Let i(j) = -j**3 + 21*j**2 - 637*j + 6609. Determine i(10).
1339
Let f(p) = p**3 - 33*p**2 - 311*p - 305. Give f(41).
392
Let o(k) = -564*k**2 + 4204*k - 45. What is o(7)?
1747
Let x(i) = 89*i**2 - 245*i - 1113. Give x(5).
-113
Let i(y) = 7*y**3 + 258*y**2 + 1918*y - 24. Calculate i(-8).
-2440
Let a(b) = -317*b + 57067. Calculate a(180).
7
Let c(y) = -3*y**3 + 2*y**2 - 3268*y - 9852. Determine c(-3).
51
Let y(d) = -7948*d + 317930. What is y(40)?
10
Let m(v) = -2*v**3 + 11*v**2 + 26*v - 39. Determine m(7).
-4
Let c(k) = 7*k**3 - 23*k**2 - 42*k + 148. Give c(7).
1128
Let h(v) = 6*v**2 - 2263*v + 2603. What is h(376)?
-29
Let m(o) = 2*o**2 + 24123*o + 217047. Determine m(-9).
102
Let t(z) = 2991*z + 1399798. Calculate t(-468).
10
Let n(a) = a**3 - 7*a**2 - 1008*a - 9668. Give n(-13).
56
Let d(w) = -116*w**3 + 7542*w**2 - 126*w - 261. Calculate d(65).
-1
Let y(m) = -44454*m**2 + 133297*m + 186. Determine y(3).
-9
Let y(j) = 15*j**2 + 880*j + 11692. What is y(-38)?
-88
Let q(m) = -m**2 + 5480*m + 248588. Calculate q(-45).
-37
Let i(t) = 28*t**3 + 250*t**2 + 20*t + 348. Determine i(-9).
6
Let k(g) = -340*g**2 + 896*g - 3613. Determine k(4).
-5469
Let r(s) = 6*s**3 - 675*s**2 + 336*s + 110. Give r(112).
110
Let r(p) = -171*p**3 + 27*p**2 - 47*p + 2. Give r(2).
-1352
Let q(r) = 33193*r - 165978. Determine q(5).
-13
Let u(k) = -3*k**3 - 63*k**2 - k - 551. Give u(-18).
-3449
Let g(l) = -1304*l + 5683. Determine g(4).
467
Let v(j) = 78157*j + 2813644. Give v(-36).
-8
Let p(a) = 43*a**2 - 1140*a - 3105. Calculate p(29).
-2
Let m(q) = 548*q + 62464. Calculate m(-114).
-8
Let n(a) = -2*a**3 + 3948*a**2 + 103997*a - 83. What is n(-26)?
-5
Let q(x) = 154*x**3 - 9*x**2 + 15*x + 24. Determine q(-1).
-154
Let o(s) = s**3 - 88*s**2 + 325*s + 914. Give o(84).
-10
Let w(z) = -3*z**2 + 133*z - 1296. Give w(23).
176
Let k(p) = 9094*p + 4052. Calculate k(-1).
-5042
Let k(c) = 6531*c + 10. Determine k(0).
10
Let o(d) = d**2 - 324*d - 3684. Calculate o(-11).
1
Let l(z) = 686254*z + 2745008. What is l(-4)?
-8
Let q(i) = -50*i + 3350. Calculate q(35).
1600
Let a(z) = 30*z + 3208. What is a(-95)?
358
Let h(t) = -255*t - 14018. What is h(-59)?
1027
Let x(h) = -h**3 + 27*h**2 + 1712*h - 46227. Calculate x(27).
-3
Let l(s) = 41053*s + 821060. Give l(-20).
0
Let b(x) = -76174*x - 49513098. Give b(-650).
2
Let i(k) = -47290*k + 756613. Calculate i(16).
-27
Let y(n) = -349*n + 9622. Give y(34).
-2244
Let t(z) = -z**3 - 30*z**2 - 155*z + 218. Give t(-22).
-244
Let z(w) = w**3 + 72*w**2 + 56*w - 1117. Calculate z(-71).
-52
Let g(y) = 8*y**2 - 248*y + 1034. Determine g(5).
-6
Let r(u) = u**3 - 2*u**2 - 374*u - 1075. What is r(-3)?
2
Let d(y) = 112*y + 27759. Calculate d(-251).
-353
Let c(q) = 99080*q + 297218. Calculate c(-3).
-22
Let l(a) = -2404*a - 158762. Calculate l(-66).
-98
Let v(f) = -4225*f + 59452. Give v(14).
302
Let c(i) = 31565*i - 883824. Determine c(28).
-4
Let m(a) = 1264*a - 17270. Determine m(11).
-3366
Let z(d) = d**3 + 13*d**2 - 223*d + 2376. Calculate z(-25).
451
Let f(w) = w**3 - 36*w**2 - 3371*w + 1174. What is f(-43)?
56
Let p(q) = -2*q**2 - 80*q - 760. Determine p(-16).
8
Let i(g) = -g**3 + 2*g**2 + 61*g + 281. Give i(-6).
203
Let m(c) = -3*c**2 - 162361*c + 1299088. Determine m(8).
8
Let l(h) = -h**2 - 38*h + 1981. What is l(-69)?
-158
Let l(y) = 14*y**3 + 1821*y**2 - 633*y - 99201. Determine l(-130).
-11
Let q(o) = -3*o**2 - 1819*o - 272119. What is q(-268)?
-99
Let z(i) = 1023826*i + 9214466. Give z(-9).
32
Let s(o) = -o**2 + 5801*o - 81010. Calculate s(14).
8
Let c(l) = 35*l**2 - 1614*l + 7309. What is c(41)?
-30
Let r(m) = 70*m - 2240. What is r(38)?
420
Let c(t) = -t**2 - 1469*t - 469517. Give c(-470).
13
Let g(h) = 30*h**2 + 3487*h + 7637. Calculate g(-114).
-1
Let u(y) = 5*y**3 + 829*y**2 + 34357*y + 83. Determine u(-84).
-1
Let i(x) = 34730*x - 138942. Calculate i(4).
-22
Let z(h) = -30*h**3 - 2131*h**2 - 42*h + 2052. Determine z(-71).
-7
Let q(i) = 338*i**2 + 80*i - 253. Calculate q(3).
3029
Let a(u) = -688*u**2 - 994*u + 995. What is a(1)?
-687
Let s(h) = -3071*h - 162441. Calculate s(-53).
322
Let w(h) = -h**3 + 108*h**2 + h + 215. Calculate w(0).
215
Let t(l) = -10*l**2 - 422*l + 29. Determine t(-39).
1277
Let n(q) = -q**3 - 88*q**2 - 914*q - 155. What is n(-76)?
-3
Let y(v) = -1604*v - 94617. Give y(-59).
19
Let z(y) = y**3 + 32*y**2 + 75*y + 4893. Calculate z(-34).
31
Let a(p) = 600*p + 4645. Calculate a(-5).
1645
Let c(f) = -f**3 - 12*f**2 - 3014*f - 39428. What is c(-13)?
-77
Let x(t) = 538*t - 2511. Calculate x(5).
179
Let b(r) = -1486*r**2 + 1504*r - 5. Calculate b(1).
13
Let n(w) = 629665*w + 67374159. What is n(-107)?
4
Let t(d) = -8*d**3 + 289*d**2 - 11*d - 101. Give t(36).
799
Let w(u) = -3548*u + 287201. Calculate w(81).
-187
Let y(n) = 2*n**3 + 18*n**2 + 47*n + 24. Give y(-9).
-399
Let r(w) = 87*w - 10012. Give r(117).
167
Let d(a) = -3*a**3 - 272*a**2 - 956*a + 191. Calculate d(-87).
104
Let g(j) = 12768*j - 280907. Determine g(22).
-11
Let f(a) = a**3 - 8*a**2 - 14790*a - 230491. Calculate f(-16).
5
Let p(w) = -w**2 + 41*w + 913. Determine p(-25).
-737
Let j(i) = -2*i**3 + 138*i**2 + 357*i - 24626. Give j(69).
7
Let h(f) = f**3 + 78*f**2 + 210*f - 784. Give h(-75).
341
Let t(j) = j**3 - 8*j**2 - 1056*j + 10343. Give t(10).
-17
Let m(d) = -10*d**2 + 2414*d + 391172. What is m(-111)?
8
Let n(g) = -4*g**3 + 2*g**2 + 509*g - 510. What is n(1)?
-3
Let r(o) = 698*o + 51729. What is r(-74)?
77
Let c(g) = -g**3 - 19*g**2 + 28*g - 880. Give c(-21).
-586
Let f(a) = -5602*a + 661038. Give f(118).
2
Let l(h) = 792*h + 300553. What is l(-380)?
-407
Let f(x) = 9*x**2 - 22259*x + 11. Give f(0).
11
Let k(f) = -546*f + 4918. Calculate k(9).
4
Let q(r) = -5*r**3 - 26*r**2 + 520*r + 2611. Determine q(-5).
-14
Let d(k) = -575574*k - 3. What is d(0)?
-3
Let p(l) = 4*l**3 - 20*l**2 - 219*l - 41. Determine p(-6).
-311
Let o(s) = -3*s**2 - 327*s + 6451. What is o(17)?
25
Let i(q) = 22*q**2 + 9*q + 2. Determine i(5).
597
Let r(w) = 221821*w + 887279. What is r(-4)?
-5
Let r(z) = -3227*z + 22633. Give r(7).
44
Let j(h) = -410*h - 110663. Determine j(-278).
3317
Let z(o) = 698*o - 5978. What is z(9)?
304
Let t(z) = 24*z**3 - 45*z**2 - 8*z + 24. What is t(5)?
1859
Let z(k) = 49038*k + 882680. What is z(-18)?
-4
Let g(z) = 4*z**3 - 41*z**2 - 510*z - 1026. Give g(-5).
-1
Let l(i) = -1569*i + 1114. What is l(1)?
-455
Let g(a) = -6*a**3 + 174*a**2 - 729*a - 5827. What is g(21)?
32
Let h(b) = 203*b - 682. Determine h(-8).
-2306
Let h(w) = -w**3 - 64*w**2 + 2604*w + 2763. Give h(29).
66
Let w(o) = 34*o**3 + 5*o**2 - 818*o - 4115. What is w(-5)?
-4150
Let j(r) = 293*r + 14176. Give j(-48).
112
Let r(l) = 17*l**2 + 5540*l + 63417. Calculate r(-314).
-11
Let t(g) = -74*g + 9979. Calculate t(139).
-307
Let j(w) = -1924927*w - 5774750. Determine j(-3).
31
Let q(j) = -892*j - 20870. Give q(-23).
-354
Let x(k) = -k**2 - 54*k - 871. Determine x(-22).
-167
Let o(b) = -1012*b - 378482. Calculate o(-374).
6
Let t(l) = 1461*l - 37563. Determine t(26).
423
Let p(f) = 1855*f - 68679. Give p(37).
-44
Let a(k) = 2*k**3 + 244*k**2 - 248*k - 1091. Give a(-123).
-845
Let n(p) = -4*p**2 + 58*p + 432. Give n(20).
-8
Let t(k) = -2700*k + 25266. Determine t(10).
-1734
Let s(f) = 892*f + 2091. Give s(-4).
-1477
Let f(j) = 1104*j - 9878. Calculate f(9).
58
Let l(y) = -12*y**3 + 833*y**2 - 376*y + 2124. Calculate l(69).
-15
Let z(m) = -m**3 + 91*m**2 - 746*m - 17. Determine z(82).
-673
Let v(g) = -g**3 - 103*g**2 - 118*g - 871. Give v(-102).
761
Let f(b) = 115*b + 1736. What is f(-22)?
-794
Let p(m) = 103332*m**2 + 103323*m + 3. What is p(-1)